. Let g(s) be the third derivative of -s**5/60 - s**4/6 + s**3/3 - 34*s**2. Calculate g(i).
2
Suppose 8*c - 28 = 28. Let f(k) = -k**3 + 7*k**2 + k. Give f(c).
7
Suppose -16*m + 18*m = 6. Let n(r) be the second derivative of -r + 1/12*r**4 + 3*r**2 + 0 - 7/6*r**m. What is n(5)?
-4
Let p(g) = g**3 + 5*g**2 + 5*g + 3. Suppose -4 = -0*o - 2*o. Suppose -u + 3*u + x = -8, -4*u = -5*x + o. Give p(u).
6
Let n(u) = -u**2 + 2*u - 3. Suppose -3*q - 54 - 51 = -5*g, 21 = g - q. Let i be (-6)/21 + 363/g. Let m be 2/(-8) - i/(-4). Calculate n(m).
-11
Let a(r) be the second derivative of -r**3/6 + 7*r**2/2 + r. Let t = -8 + 13. Give a(t).
2
Let w(i) be the third derivative of -5/6*i**3 - 7/24*i**4 + 0*i - 2*i**2 - 1/60*i**5 + 0. Suppose k - 1 = -4*t - 26, t + 5 = 0. Give w(k).
5
Let a(g) = -g**2 - 6*g - 1. Let m be a(-5). Suppose m*f - 20 = -8. Let b(v) = 11 + f*v - v - 11. What is b(-1)?
-2
Let v be ((-2)/(-1) - 1) + 0. Let l(b) be the second derivative of 2/3*b**3 - 1/2*b**2 + 0 + 8*b. Calculate l(v).
3
Let f be (-874)/209 - (-4)/22. Let b(c) be the second derivative of c**4/24 + 3*c**3/2 - c**2/2 - c. Let y(m) be the first derivative of b(m). Calculate y(f).
5
Let y(b) = -b**2 - b. Let w be y(2). Let d(u) = -3*u - 4. What is d(w)?
14
Let r(u) = -215 + 105 + 2*u + 107. Give r(3).
3
Let y(o) be the third derivative of 0 - 3*o**2 - 1/6*o**4 + 1/2*o**3 + 0*o + 1/60*o**5. Calculate y(2).
-1
Let u(b) be the second derivative of 3*b - b**2 - 1/20*b**5 + 0 - 5/12*b**4 - 5/6*b**3. Let z = -4 + 0. Calculate u(z).
2
Let d(k) = 6*k**2 + 6. Let y(m) = -m**2 - m - 1. Let g(f) = -d(f) - 5*y(f). Give g(4).
3
Let i = 7 + -4. Let c(v) = v**2 - 2*v + 3. What is c(i)?
6
Let v(t) be the second derivative of -t**4/12 - t**3/6 - 3*t**2/2 - 10*t. Give v(0).
-3
Let w(j) = j**3 + 12*j**2 + 12*j + 6. Let p be w(-11). Let t be (p + 3)/(2/(-2)). Let l(s) = s - 1. Calculate l(t).
1
Let u(q) = -2*q + 8. Suppose 4*l - 132 = -4*z + 5*l, 2*l + 8 = 0. Suppose 5*b + m - 29 = -0*m, 2*m = 5*b - z. Determine u(b).
-4
Let i(o) be the first derivative of -o**4/4 - 2*o**3/3 + 2*o**2 - o - 6. Calculate i(-3).
-4
Let y(o) = 3 - 9*o + o**2 - 7*o + 17*o - 8*o. Give y(6).
-3
Let l(b) = 3*b**2 + 8*b + 10. Let t(q) = 7*q**2 + 17*q + 22. Let d(n) = -9*l(n) + 4*t(n). Determine d(4).
-2
Let b(l) = 4*l - 3. Let d(k) = -k + 1. Let r(t) = 2*b(t) + 7*d(t). Calculate r(3).
4
Let t(z) = z. Suppose 6 - 4 = 2*f. Suppose 0 = -4*d - 3*h - 17, -8 + 31 = -5*d - 2*h. Let o(u) = 3*u. Let v(y) = d*t(y) + f*o(y). Calculate v(-3).
6
Let m(n) = 0*n - 2 - 3*n - 5 + n**2. Let b be m(5). Let h(j) = -j**2 + 2*j - 1. Let f(o) = -o**2 + o + 2. Let k(z) = -f(z) + 2*h(z). What is k(b)?
-4
Let w(c) = -2*c - 6. Let v(k) = -1. Let z be 2 + -2 + (-3 - -2). Let u(m) = z*w(m) + 2*v(m). Let x = -9 + 5. Determine u(x).
-4
Let t(a) be the first derivative of -1/3*a**3 + 2*a**2 + 0*a + 1. Suppose 0 = 4*n - 7 - 13. What is t(n)?
-5
Let d(m) = -m**2 - 6*m - 2. Let x be d(-5). Let k(a) = 8 + 0*a**3 - 2*a**2 + a**x - 4 - 2*a**2. What is k(3)?
-5
Let w(u) = -u + 3. Let k be w(-3). Let j be 4/(32/k)*-4. Let h(a) = -188*a - 2 + a**3 + 0*a**2 + 4*a**2 + 96*a + 95*a. Calculate h(j).
-2
Let g(f) be the second derivative of -1/3*f**3 - 1/2*f**2 + 0 + 3*f. Let a be (0 + -4)*3/4. What is g(a)?
5
Let q be 0*(-3)/24*-4. Let w(j) = -j**3 - j**2 - 13. Give w(q).
-13
Let a(n) = -1. Let q(h) = h + 2 + 1 + 9. Let i(b) = -6*a(b) - q(b). Let l = 5 + -9. Determine i(l).
-2
Let v(j) = -j**3 - j**2 - j. Let m(t) = 5*t**3 + 3*t**2 + 10*t + 1. Let f = 18 - 17. Let x(y) = f*m(y) + 6*v(y). Calculate x(-4).
1
Let u(o) = 3*o**3 + 4*o**2 - 7*o. Let p(a) = -2*a**3 - 3*a**2 + 5*a. Let k(h) = 7*p(h) + 5*u(h). Calculate k(2).
4
Let l(d) = -11*d + 5*d**2 - 4*d**2 + 5 + 3*d - 9. Determine l(9).
5
Let w(v) = -v**2 + 3*v. Let i(h) = 2*h**2 - 5*h. Let s(r) = 3*i(r) + 5*w(r). Let b be 2*((-2)/(-4) + 2 + -1). Calculate s(b).
9
Let n(z) be the third derivative of -z**6/120 - 7*z**5/60 - z**4/4 + 4*z**3/3 + 57*z**2. Give n(-6).
8
Suppose 3 = -41*w + 40*w. Let u(s) = -s - 4. Let g(t) = -t - 2. Let n(i) = -5*g(i) + 2*u(i). Determine n(w).
-7
Suppose -3*b + 8*b + 35 = 5*n, 0 = 3*b + 2*n - 4. Let k(x) = -2*x**3 - x**2 + 3*x + 1. Determine k(b).
7
Let b(z) = -5*z + 5. Let j(r) = -2*r + 2. Let h(l) = -3*b(l) + 7*j(l). What is h(4)?
3
Let j(v) be the first derivative of -v**6/120 - v**5/15 - v**4/6 - v**3/3 + v**2/2 - 1. Let s(i) be the second derivative of j(i). Calculate s(-2).
-2
Let j(l) = 2*l. Let f be (-8 - 2)*24/(-15). Suppose -3*d - 2 = -2*g + 7, 4*g - 4*d = f. Determine j(g).
6
Let a = -23 + 23. Let f(z) be the second derivative of a - 1/12*z**4 - z**3 - z - 1/2*z**2. Determine f(-4).
7
Let j(m) = m + 2. Suppose 30 = -5*c - 0*c. Determine j(c).
-4
Suppose 2 = -n + 3. Let k(c) be the third derivative of c**6/24 + 3*c**2. Calculate k(n).
5
Let j(c) = -16 + 17 + 5*c - 4*c - 7*c**2. Calculate j(-1).
-7
Let s(l) = -7*l**3 + 2*l**2 + 3*l + 4. Let g be 3*((-8)/6 - -2). Let m(a) = 0*a**3 + 4*a - 5*a - 1 - a**g + a**3. Let d(y) = -5*m(y) - s(y). What is d(-2)?
-7
Let r be ((-7)/3)/7*-6. Let y(w) be the second derivative of -r*w + 0*w**3 - 1/2*w**5 + 0 + 1/6*w**4 - 1/2*w**2. What is y(1)?
-9
Let m(i) = 17*i**2 - 2*i + 1. Let s be (-2)/6*18/(-6). Determine m(s).
16
Let y(c) = -c**2 - c + 4. Let l(d) = -7*d**3 + 2*d**2 + 3*d + 2. Let n be l(-1). Let x = n + -5. Calculate y(x).
-8
Let i be (18/(-21))/(5/35). Let y(p) = p**3 + 7*p**2 + 7*p + 6. Give y(i).
0
Let r(h) = h**3 + 0*h + 4*h**2 - 2*h + 0*h**3 - 4. Let g(x) = x**3 + 3*x**2 - 2*x - 3. Let s(i) = -7*g(i) + 6*r(i). Suppose 0 = 4*y - 1 - 11. Give s(y).
3
Let v(m) = 3*m + 10. Let f be v(-5). Let a(p) = p**2 + 5*p - 7. Calculate a(f).
-7
Let l(j) = -6 - 10 + 16 + 2*j. What is l(4)?
8
Suppose 0 = 6*t - t + 15. Let b(m) be the second derivative of -1/3*m**3 - 4*m + 3/2*m**2 - 1/12*m**4 + 0. What is b(t)?
0
Let n(b) be the first derivative of -b**2 - 5*b - 6. Determine n(-4).
3
Suppose -z - 16 = -6*z + 2*h, 0 = z - 5*h + 6. Let a(v) = -v + 2. Determine a(z).
-2
Let m(l) = l**3 + 10*l**2 + 5. Let u be m(-10). Let p(g) = u*g**2 - 2*g**2 - 4 - 2*g**2 + 2*g. Determine p(-3).
-1
Let k = 6 - 4. Let h = 3 - k. Let u(o) = 32*o - 3. Let l(m) = 11*m - 1. Let p(w) = 17*l(w) - 6*u(w). Determine p(h).
-4
Let f(j) = -13*j - 34. Suppose -2*c + 1 = -3. Let g(m) = -4*m - 11. Let q(x) = c*f(x) - 7*g(x). Let t = -10 + 4. What is q(t)?
-3
Let h(f) = 6*f**3 - f**2 - 2*f. Let u(x) = -7*x**3 + 2*x**2 + 3*x. Let r(n) = -3*h(n) - 2*u(n). Let k = -7 - 2. Let y = k + 10. Determine r(y).
-5
Let z = 168 - 167. Let q(w) = 10*w. What is q(z)?
10
Let o(b) be the second derivative of -b**4/12 + b**3/3 - 5*b**2/2 - 5*b. Calculate o(4).
-13
Let o(s) = 3*s - 2. Let a(h) = -2*h + 3. Let j(p) = 3*a(p) + 4*o(p). Give j(-1).
-5
Let x(z) be the third derivative of z**2 + 0 - 1/60*z**5 + 0*z + 1/6*z**3 + 1/24*z**4. Calculate x(3).
-5
Let w = 3 + -3. Let s be 1*(-2 + w + 2). Let p(h) = h**2 - h + 5. What is p(s)?
5
Suppose -6*y + 9 = -3*y. Let n = y - -2. Let i(v) = v - 1. Let p(a) = -5*a + 6. Let l(t) = -11*i(t) - 2*p(t). What is l(n)?
-6
Let x = 3 - 2. Let y(s) be the second derivative of 7*s**3/6 - 14*s - 2. Give y(x).
7
Let b(q) be the first derivative of 8*q**2 - 58. Calculate b(-1).
-16
Let r be ((-190)/57)/(2/(-3)). Let s(q) = q**2 - 5*q - 6. Determine s(r).
-6
Let f = 12 - 6. Let z be (-1)/2 + (-14)/(-4). Let o(w) = -5*w**2 + 2*w**z - w**3 - 5 - 5 + 4 - 4*w. Determine o(f).
6
Let z be (-3 - -3 - 1)*2. Let o(g) = g**2 + 3*g + 3. Determine o(z).
1
Suppose -55 = -4*b - 71. Let s(f) = f**3 + 4*f**2 + 3*f + 2. Calculate s(b).
-10
Let z be 3/6 + (-1)/(-2). Let f(l) be the third derivative of 7*l**4/24 - l**3/6 - 2*l**2. What is f(z)?
6
Let p(x) = 7*x - 6 + 6*x - x**2 - x - 14*x. Give p(-4).
-14
Let r(d) = d**2 - 5*d + 3. Let p(z) = -z**2 + z + 3. Let b be p(6). Let y be b/6*2/(-3). Calculate r(y).
-3
Let c(y) = -8*y**3 + 2*y**2 - 1. Let z(g) = -g - 8. Let x be z(-8). Suppose x*w = -5*w - 10. Let m = w + 1. Determine c(m).
9
Let o(f) be the second derivative of -f**4/12 - 11*f**3/6 - 2*f**2 + 30*f. Calculate o(-10).
6
Let m(x) = x + 16. Suppose 12*l + 4*f = 7*l - 55, l + f + 11 = 0. Determine m(l).
5
Let f(k) be the second derivative of -k**5/20 - 5*k**4/12 + k**3 - 3*k**2/2 - k. What